1101111110
In base 6, what is 14410013 + -53?
14405520
In base 5, what is 410324333 - -4?
410324342
In base 15, what is 148ac42 + 7?
148ac49
In base 7, what is -1615 + -143321?
-145236
In base 6, what is 52244233 + 1412?
52250045
In base 11, what is -4 - 18462a4a?
-18462a53
In base 5, what is -31234 - 44201030?
-44232314
In base 10, what is 3775 - 71974?
-68199
In base 10, what is -24 + -13993?
-14017
In base 8, what is -514 - 1151457?
-1152173
In base 11, what is 17 - 5718?
-5701
In base 13, what is 26550b + -15?
2654c6
In base 10, what is 23764 - 961?
22803
In base 10, what is -522 - -43786?
43264
In base 12, what is -2 - -564b757?
564b755
In base 3, what is 2 - -101021011100221?
101021011101000
In base 13, what is -50b - 55680?
-55b8b
In base 12, what is 2504 - b5a3?
-909b
In base 5, what is -1144410110 - 11?
-1144410121
In base 16, what is 3 + 4cf66a?
4cf66d
In base 3, what is -110010000 - 21101?
-110101101
In base 5, what is 2402410 + -403?
2402002
In base 6, what is 24054102144 + -1?
24054102143
In base 15, what is dee5033 + -8?
dee502a
In base 7, what is -31624 - -21161?
-10433
In base 14, what is 10881 - 105?
1077a
In base 5, what is -1211 - 311203141?
-311204402
In base 15, what is 4c5 + -59?
46b
In base 9, what is 5 - -31141435?
31141441
In base 4, what is -1302 + -3131133?
-3133101
In base 10, what is -32706 + -57?
-32763
In base 12, what is -1b + 19382b?
193810
In base 3, what is -1122221 + 11110110120?
11101210122
In base 5, what is -10 - -10140323430?
10140323420
In base 14, what is -9d - 176031?
-1760d0
In base 9, what is -67841 - 304?
-68245
In base 9, what is -3862 - -1567?
-2284
In base 2, what is 10 - -1010111010011011011101010100?
1010111010011011011101010110
In base 7, what is 10104152 + 3325?
10110510
In base 15, what is -12 - 773a41?
-773a53
In base 14, what is 185c5c70 + b?
185c5c7b
In base 11, what is 5aaa + 2627?
8626
In base 16, what is -155 + 1489?
1334
In base 13, what is -3 + -2679072?
-2679075
In base 13, what is 1179 - 1352?
-1a6
In base 14, what is -c + -c20212?
-c20220
In base 13, what is -61 + 6a13?
6982
In base 16, what is 41ccaf - 1d?
41cc92
In base 6, what is 22313 - -53511?
120224
In base 8, what is -2 - -34456131?
34456127
In base 15, what is -2c3ce1e - 23?
-2c3ce42
In base 3, what is 10201 + 2022111210212?
2022111221120
In base 8, what is -21 - 3005127?
-3005150
In base 9, what is 86656488 + -4?
86656484
In base 2, what is 101 + -101001011111000111011111?
-101001011111000111011010
In base 14, what is 15a04ad - -5?
15a04b4
In base 8, what is -50 - -247750?
247700
In base 13, what is -411538a + -8?
-4115395
In base 9, what is 2116 - 2752?
-635
In base 6, what is -1552 + 2210021?
2204025
In base 12, what is -7 + 5345204?
53451b9
In base 8, what is -14152716 - 6?
-14152724
In base 2, what is -1000011011 - 1110101010000?
-1111101101011
In base 5, what is -12 - -31441314?
31441302
In base 16, what is 31 - -10b4b8?
10b4e9
In base 13, what is 3 + -817c6c1?
-817c6bb
In base 11, what is -8686202a - 1?
-86862030
In base 9, what is 45 - 3387684?
-3387638
In base 14, what is 146ad0 - 9?
146ac5
In base 9, what is 10 - 1468474?
-1468464
In base 12, what is -65683 - -4b0?
-65193
In base 5, what is -240 + -1100223?
-1101013
In base 3, what is 101121012110020 - 1?
101121012110012
In base 7, what is -31331 + 106652?
45321
In base 12, what is -5 - 8a4a8b?
-8a4a94
In base 10, what is -2655271 - 4?
-2655275
In base 8, what is 4 - -57064604?
57064610
In base 8, what is -6 + 13117757?
13117751
In base 7, what is 323305131 - 36?
323305062
In base 3, what is -1000 - 101202000220122?
-101202000221122
In base 6, what is -2514041 + -314?
-2514355
In base 4, what is 10 + -30112212111320?
-30112212111310
In base 14, what is 0 + 69841?
69841
In base 6, what is -12522 - 142410?
-155332
In base 2, what is -111010 - 111010001110101011101?
-111010001110110010111
In base 4, what is -1210 - 3233003332?
-3233011202
In base 10, what is -1 - -60117189?
60117188
In base 9, what is -3 - -3545536?
3545533
In base 13, what is -6 + -7643c?
-76445
In base 2, what is -1000001001001111110101 + 110?
-1000001001001111101111
In base 11, what is 1954 + -1693?
271
In base 9, what is 723676543 - 3?
723676540
In base 6, what is 5041354313 - -4?
5041354321
In base 14, what is 3652 + 226?
3878
In base 10, what is -9 - 647293?
-647302
In base 10, what is -5 + 64987582?
64987577
In base 2, what is 100011001111000 + 1100001110?
100100110000110
In base 14, what is -60a1d - 12c?
-60b4b
In base 12, what is 43806b3 - -a?
4380701
In base 16, what is 116 + 453b1?
454c7
In base 12, what is -42 + -9a8b?
-9b11
In base 13, what is -736 + 1bb8?
1482
In base 4, what is -11031113110 - 23?
-11031113133
In base 4, what is 1111 - 3000101311?
-3000100200
In base 4, what is 111031321 + 2121?
111100102
In base 5, what is -123301 - 111432?
-240233
In base 4, what is 10001 - 1032211113?
-1032201112
In base 7, what is -112161 + -16?
-112210
In base 9, what is 112687 + 1480?
114277
In base 10, what is 4675 - 12?
4663
In base 3, what is -111220 - 202200?
-1021120
In base 14, what is -110cd57 - 91?
-110d008
In base 5, what is 14001014 + -1110?
13444404
In base 14, what is 7 - 3da3b7?
-3da3b0
In base 5, what is 22044420302 - 3?
22044420244
In base 10, what is 3816047 + 0?
3816047
In base 8, what is 235361 - 447?
234712
In base 9, what is -7 + -4415667?
-4415675
In base 11, what is -a52aaa - 5?
-a53004
In base 16, what is d - e2?
-d5
In base 2, what is -10010 - -1010001010010010110010?
1010001010010010100000
In base 5, what is 123222 - -1233?
130010
In base 5, what is 2 - 1101311221423?
-1101311221421
In base 3, what is 2001020 - -11011011?
20012101
In base 9, what is 451 + -1381?
-830
In base 11, what is -19075 - 121?
-19196
In base 6, what is 1433 + -1111213?
-1105340
In base 16, what is 3f076 + 88?
3f0fe
In base 3, what is 12 - 1211002110211101?
-1211002110211012
In base 9, what is 1627 + 51186?
52824
In base 8, what is -107055510 - -6?
-107055502
In base 14, what is -d2 - -4160?
406c
In base 6, what is 24032 - -43251?
111323
In base 15, what is -65647dc3 - -5?
-65647dbd
In base 10, what is -593 - -556019?
555426
In base 11, what is 199a4 - -226?
1a11a
In base 10, what is -1 + 40283004?
40283003
In base 11, what is -27 + -5010202?
-5010229
In base 14, what is 683 - 1849?
-11a6
In base 4, what is 10021123133033 - -10?
10021123133103
In base 2, what is -1110000110 - -11101001011?
1111000101
In base 12, what is 4 + 2475486b?
24754873
In base 16, what is 202fe99 + 0?
202fe99
In base 10, what is 1 + 6288269?
6288270
In base 10, what is -114 - -261522?
261408
In base 5, what is -423132422 - -24?
-423132343
In base 7, what is 2005143 - -6152?
2014325
In base 2, what is 111001101000001 - 10111011110?
110110101100011
In base 9, what is -7166245 + 0?
-7166245
In base 14, what is 572dc5 + 8?
572dcd
In base 7, what is -11552 - 31255?
-43140
In base 13, what is c5 + c31?
1026
In base 14, what is -3d + 4218?
41b9
In base 4, what is 11101022331 - -3002?
11101031333
In base 15, what is 74 + c84e?
c8c3
In base 16, what is -163032 + -af?
-1630e1
In base 16, what is 6 - 11d0491?
-11d048b
In base 11, what is -4642 + 2264?
-2389
In base 4, what is -12010 + 22002020303?
22002002233
In base 2, what is 1110110010011000111 - 11010111?
1110110001111110000
In base 10, what is 1616 + -15626?
-14010
In base 7, what is -14314 - -2013?
-12301
In base 15, what is 3 + 40d69d5?
40d69d8
In base 7, what is 15612404402 + 4?
15612404406
In base 15, what is -3 - 11c7d8?
-11c7db
In base 7, what is -461244 - 431?
-462005
In base 12, what is -7 - -49a7276?
49a726b
In base 2, what is 100010 + 10010010111111011110?
10010011000000000000
In base 6, what is -1450 + 345423?
343533
In base 9, what is 10583 + 10400?
21083
In base 13, what is 39c4 + -51589?
-4a895
In base 16, what is -3 + 1def8cb?
1def8c8
In base 7, what is -5 - -51106614?
51106606
In base 7, what is -122631 - 466?
-123430
In base 16, what is 69c - 1c13b?
-1ba9f
In base 14, what is 7167 - -41b5?
b33c
In base 4, what is 0 - 1102102111323?
-1102102111323
In base 13, what is -159030 - 21?
-159051
In base 8, what is -735 - -13567?
12632
In base 3, what is -210 - 10002212022212?
-10002212100122
In base 10, what is 180053 - -3674?
183727
In base 13, what is -1 - -318bc0a